{"id":518,"date":"2023-07-12T01:15:27","date_gmt":"2023-07-12T01:15:27","guid":{"rendered":"https:\/\/www.ecometta.org\/WordPress\/?page_id=518"},"modified":"2023-08-29T09:28:46","modified_gmt":"2023-08-29T09:28:46","slug":"videoteca","status":"publish","type":"page","link":"https:\/\/www.ecometta.org\/WordPress\/videoteca\/","title":{"rendered":"VIDEOTECA"},"content":{"rendered":"\t\t<div data-elementor-type=\"wp-page\" data-elementor-id=\"518\" class=\"elementor elementor-518\" data-elementor-post-type=\"page\">\n\t\t\t\t\t\t<section class=\"elementor-section elementor-top-section elementor-element elementor-element-675490e elementor-section-boxed elementor-section-height-default elementor-section-height-default\" data-id=\"675490e\" data-element_type=\"section\">\n\t\t\t\t\t\t<div class=\"elementor-container elementor-column-gap-default\">\n\t\t\t\t\t<div class=\"aux-parallax-section elementor-column elementor-col-100 elementor-top-column elementor-element elementor-element-1f6c156\" data-id=\"1f6c156\" data-element_type=\"column\">\n\t\t\t<div class=\"elementor-widget-wrap elementor-element-populated\">\n\t\t\t\t\t\t<div class=\"elementor-element elementor-element-0353837 elementor-widget elementor-widget-text-editor\" data-id=\"0353837\" data-element_type=\"widget\" data-widget_type=\"text-editor.default\">\n\t\t\t\t<div class=\"elementor-widget-container\">\n\t\t\t\t\t\t\t\t\t<p>En esta secci\u00f3n elegiremos videos de la red para disfrutarlos. Veremos los mejores videos de Naturaleza y Medio Ambiente y podr\u00e9is participar enviando v\u00eddeos que encontr\u00e9is o que hay\u00e1is realizado. Tambi\u00e9n tendremos producciones propias desde nuestro canal en You Tube donde os animamos a que dej\u00e9is comentarios y os suscrib\u00e1is.<\/p>\t\t\t\t\t\t\t\t<\/div>\n\t\t\t\t<\/div>\n\t\t\t\t\t<\/div>\n\t\t<\/div>\n\t\t\t\t\t<\/div>\n\t\t<\/section>\n\t\t\t\t<section class=\"elementor-section elementor-top-section elementor-element elementor-element-05fac01 elementor-section-boxed elementor-section-height-default elementor-section-height-default\" data-id=\"05fac01\" data-element_type=\"section\">\n\t\t\t\t\t\t<div class=\"elementor-container elementor-column-gap-default\">\n\t\t\t\t\t<div class=\"aux-parallax-section elementor-column elementor-col-100 elementor-top-column elementor-element elementor-element-31e61ba\" data-id=\"31e61ba\" data-element_type=\"column\">\n\t\t\t<div class=\"elementor-widget-wrap elementor-element-populated\">\n\t\t\t\t\t\t<div class=\"elementor-element elementor-element-6cf9503 elementor-widget elementor-widget-heading\" data-id=\"6cf9503\" data-element_type=\"widget\" data-widget_type=\"heading.default\">\n\t\t\t\t<div class=\"elementor-widget-container\">\n\t\t\t\t\t<h2 class=\"elementor-heading-title elementor-size-default\">SERIE DOCUMENTAL<br> DE NUESTRA AMIGA EVELYN SEGURA<br> \u00a1QU\u00c9 ANIMAL!\n<\/h2>\t\t\t\t<\/div>\n\t\t\t\t<\/div>\n\t\t\t\t\t<\/div>\n\t\t<\/div>\n\t\t\t\t\t<\/div>\n\t\t<\/section>\n\t\t\t\t<section class=\"elementor-section elementor-top-section elementor-element elementor-element-8418db3 elementor-section-boxed elementor-section-height-default elementor-section-height-default\" data-id=\"8418db3\" data-element_type=\"section\">\n\t\t\t\t\t\t<div class=\"elementor-container elementor-column-gap-default\">\n\t\t\t\t\t<div class=\"aux-parallax-section elementor-column elementor-col-100 elementor-top-column elementor-element elementor-element-02f2a9c\" data-id=\"02f2a9c\" data-element_type=\"column\">\n\t\t\t<div class=\"elementor-widget-wrap\">\n\t\t\t\t\t\t\t<\/div>\n\t\t<\/div>\n\t\t\t\t\t<\/div>\n\t\t<\/section>\n\t\t\t\t<\/div>\n\t\t","protected":false},"excerpt":{"rendered":"<p>En esta secci\u00f3n elegiremos videos de la red para disfrutarlos. Veremos los mejores videos de Naturaleza y Medio Ambiente y podr\u00e9is participar enviando v\u00eddeos que encontr\u00e9is o que hay\u00e1is realizado. Tambi\u00e9n tendremos producciones propias desde nuestro canal en You Tube donde os animamos a que dej\u00e9is comentarios y os suscrib\u00e1is. SERIE DOCUMENTAL DE NUESTRA AMIGA [&hellip;]<\/p>\n","protected":false},"author":1,"featured_media":0,"parent":0,"menu_order":0,"comment_status":"closed","ping_status":"closed","template":"","meta":{"footnotes":""},"class_list":["post-518","page","type-page","status-publish","hentry"],"_links":{"self":[{"href":"https:\/\/www.ecometta.org\/WordPress\/wp-json\/wp\/v2\/pages\/518","targetHints":{"allow":["GET"]}}],"collection":[{"href":"https:\/\/www.ecometta.org\/WordPress\/wp-json\/wp\/v2\/pages"}],"about":[{"href":"https:\/\/www.ecometta.org\/WordPress\/wp-json\/wp\/v2\/types\/page"}],"author":[{"embeddable":true,"href":"https:\/\/www.ecometta.org\/WordPress\/wp-json\/wp\/v2\/users\/1"}],"replies":[{"embeddable":true,"href":"https:\/\/www.ecometta.org\/WordPress\/wp-json\/wp\/v2\/comments?post=518"}],"version-history":[{"count":16,"href":"https:\/\/www.ecometta.org\/WordPress\/wp-json\/wp\/v2\/pages\/518\/revisions"}],"predecessor-version":[{"id":1631,"href":"https:\/\/www.ecometta.org\/WordPress\/wp-json\/wp\/v2\/pages\/518\/revisions\/1631"}],"wp:attachment":[{"href":"https:\/\/www.ecometta.org\/WordPress\/wp-json\/wp\/v2\/media?parent=518"}],"curies":[{"name":"wp","href":"https:\/\/api.w.org\/{rel}","templated":true}]}}