{"id":654,"date":"2023-07-12T20:27:17","date_gmt":"2023-07-12T20:27:17","guid":{"rendered":"https:\/\/www.ecometta.org\/WordPress\/?page_id=654"},"modified":"2023-09-29T07:41:17","modified_gmt":"2023-09-29T07:41:17","slug":"talleres","status":"publish","type":"page","link":"https:\/\/www.ecometta.org\/WordPress\/talleres\/","title":{"rendered":"Talleres"},"content":{"rendered":"\t\t<div data-elementor-type=\"wp-page\" data-elementor-id=\"654\" class=\"elementor elementor-654\" data-elementor-post-type=\"page\">\n\t\t\t\t\t\t<\/div>\n\t\t","protected":false},"excerpt":{"rendered":"<p>11 A\u00d1OS DE EXPERIENCIA EN CENTROS ESCOLARES Nueva promoci\u00f3n de nuestros cursos y talleres para mayores y peque\u00f1os Nuestra labor divulgativa nos lleva a los centros educativos, centros de formaci\u00f3n, esplais, zonas de turismo rural y en general a cualquier colectivo interesado en adquirir conocimientos\u00a0de Meteorolog\u00eda y de Ecolog\u00eda de forma sencilla e impartidas de [&hellip;]<\/p>\n","protected":false},"author":1,"featured_media":0,"parent":0,"menu_order":0,"comment_status":"closed","ping_status":"closed","template":"","meta":{"footnotes":""},"class_list":["post-654","page","type-page","status-publish","hentry"],"_links":{"self":[{"href":"https:\/\/www.ecometta.org\/WordPress\/wp-json\/wp\/v2\/pages\/654","targetHints":{"allow":["GET"]}}],"collection":[{"href":"https:\/\/www.ecometta.org\/WordPress\/wp-json\/wp\/v2\/pages"}],"about":[{"href":"https:\/\/www.ecometta.org\/WordPress\/wp-json\/wp\/v2\/types\/page"}],"author":[{"embeddable":true,"href":"https:\/\/www.ecometta.org\/WordPress\/wp-json\/wp\/v2\/users\/1"}],"replies":[{"embeddable":true,"href":"https:\/\/www.ecometta.org\/WordPress\/wp-json\/wp\/v2\/comments?post=654"}],"version-history":[{"count":25,"href":"https:\/\/www.ecometta.org\/WordPress\/wp-json\/wp\/v2\/pages\/654\/revisions"}],"predecessor-version":[{"id":2310,"href":"https:\/\/www.ecometta.org\/WordPress\/wp-json\/wp\/v2\/pages\/654\/revisions\/2310"}],"wp:attachment":[{"href":"https:\/\/www.ecometta.org\/WordPress\/wp-json\/wp\/v2\/media?parent=654"}],"curies":[{"name":"wp","href":"https:\/\/api.w.org\/{rel}","templated":true}]}}